{"id":1026,"date":"2017-08-24T09:06:08","date_gmt":"2017-08-24T07:06:08","guid":{"rendered":"http:\/\/www.salesandoperationsplanning.dk\/?page_id=1026"},"modified":"2017-12-05T15:22:13","modified_gmt":"2017-12-05T14:22:13","slug":"mac-baren","status":"publish","type":"page","link":"https:\/\/www.salesandoperationsplanning.dk\/index.php\/resultater\/10-implementerings-forlob\/mac-baren\/","title":{"rendered":"Mac Baren Tobacco Company"},"content":{"rendered":"<blockquote class=\"otw-sc-quote background\"><p class=\"otw-silver-background\">&#8220;Mac Baren Tobacco ser S&amp;OP som et vigtigt middel til at opn\u00e5 en st\u00e6rk balance mellem behov og kapacitet.&#8221; <b><em>Direkt\u00f8r Simon Nielsen, Mac Baren Tobacco Company<\/em><\/b><\/p><\/blockquote>\n<a href=\"http:\/\/mac-baren.com\/\" target=\"_blank\" rel=\"noopener\"><img loading=\"lazy\" decoding=\"async\" class=\"alignright wp-image-447 size-full\" src=\"http:\/\/www.salesandoperationsplanning.dk\/wp-content\/uploads\/2017\/05\/Mac-Baren-Tobacco-Company-e1503556125489.jpg\" alt=\"\" width=\"175\" height=\"208\" \/><\/a>Mac Baren Tobacco Company A\/S er den st\u00f8rste privatejede tobaksvirksomhed i Norden, selvom deres succes r\u00e6kker langt derudover.<\/p>\n<p>H\u00f8jeste kvalitet, stolte traditioner og engageret, entusiastisk personale har sikret virksomheden en position som en af verdens f\u00f8rende tobaksvirksomheder. Mac Baren eksporterer egne m\u00e6rker til mere end 70 markeder over hele verden, ligesom de markedsf\u00f8rer og s\u00e6lger en bred vifte af tobaksvarer p\u00e5 det danske marked. Derudover producerer Mac Baren pibetobak p\u00e5 deres fabrik i Svendborg til nogle af verdens st\u00f8rste pibetobaksvirksomheder.<\/p>\n<p>Mac Baren Tobacco Company A\/S er baseret p\u00e5 kendskab til tobak opbygget over generationer. Virksomhedens 140 medarbejdere forts\u00e6tter med at bygge videre p\u00e5 dette fundament og sikre, at Mac Baren Tobacco fortsat er et moderne udviklingsorienteret selskab.<br \/>\nL\u00e6s mere p\u00e5 <a href=\"http:\/\/mac-baren.com\/\" target=\"_blank\" rel=\"noopener\">mac-baren.com<\/a><br \/>\n<blockquote class=\"otw-sc-quote background\"><p class=\"otw-silver-background\">&#8220;Mac Baren Tobacco&#8217;s ambition er at f\u00e5 et mere tydeligt f\u00e6lles sprog &#8211; forst\u00e5else &#8211; reaktionsm\u00f8nstre og f\u00e6lles platform mellem Sales og Operations.&#8221; <b><em>Direkt\u00f8r Jarl Freiesleben, Mac Baren Tobacco Company<\/em><\/b><\/p><\/blockquote>\n<div class='content-column one_third'><figure id=\"attachment_2525\" aria-describedby=\"caption-attachment-2525\" style=\"width: 200px\" class=\"wp-caption alignnone\"><img loading=\"lazy\" decoding=\"async\" class=\"wp-image-2525\" src=\"http:\/\/www.salesandoperationsplanning.dk\/wp-content\/uploads\/2017\/12\/Simon-Nielsen-150x150.png\" alt=\"\" width=\"200\" height=\"200\" srcset=\"https:\/\/www.salesandoperationsplanning.dk\/wp-content\/uploads\/2017\/12\/Simon-Nielsen-150x150.png 150w, https:\/\/www.salesandoperationsplanning.dk\/wp-content\/uploads\/2017\/12\/Simon-Nielsen-300x300.png 300w, https:\/\/www.salesandoperationsplanning.dk\/wp-content\/uploads\/2017\/12\/Simon-Nielsen-768x768.png 768w, https:\/\/www.salesandoperationsplanning.dk\/wp-content\/uploads\/2017\/12\/Simon-Nielsen.png 1024w\" sizes=\"auto, (max-width: 200px) 100vw, 200px\" \/><figcaption id=\"caption-attachment-2525\" class=\"wp-caption-text\">Simon Nielsen<br \/> Direkt\u00f8r<\/figcaption><\/figure><\/div>\n<div class='content-column one_third'><figure id=\"attachment_2522\" aria-describedby=\"caption-attachment-2522\" style=\"width: 200px\" class=\"wp-caption alignnone\"><img loading=\"lazy\" decoding=\"async\" class=\"wp-image-2522\" src=\"http:\/\/www.salesandoperationsplanning.dk\/wp-content\/uploads\/2017\/12\/Jarl-Freiesleben-150x150.png\" alt=\"\" width=\"200\" height=\"200\" srcset=\"https:\/\/www.salesandoperationsplanning.dk\/wp-content\/uploads\/2017\/12\/Jarl-Freiesleben-150x150.png 150w, https:\/\/www.salesandoperationsplanning.dk\/wp-content\/uploads\/2017\/12\/Jarl-Freiesleben-300x300.png 300w, https:\/\/www.salesandoperationsplanning.dk\/wp-content\/uploads\/2017\/12\/Jarl-Freiesleben-768x768.png 768w, https:\/\/www.salesandoperationsplanning.dk\/wp-content\/uploads\/2017\/12\/Jarl-Freiesleben.png 1024w\" sizes=\"auto, (max-width: 200px) 100vw, 200px\" \/><figcaption id=\"caption-attachment-2522\" class=\"wp-caption-text\">Jarl Freiesleben<br \/> Direkt\u00f8r<\/figcaption><\/figure><\/div>\n<div class='content-column one_third last_column'><figure id=\"attachment_2519\" aria-describedby=\"caption-attachment-2519\" style=\"width: 200px\" class=\"wp-caption alignnone\"><img loading=\"lazy\" decoding=\"async\" class=\"wp-image-2519\" src=\"http:\/\/www.salesandoperationsplanning.dk\/wp-content\/uploads\/2017\/12\/Dick-Esmark-150x150.png\" alt=\"\" width=\"200\" height=\"200\" srcset=\"https:\/\/www.salesandoperationsplanning.dk\/wp-content\/uploads\/2017\/12\/Dick-Esmark-150x150.png 150w, https:\/\/www.salesandoperationsplanning.dk\/wp-content\/uploads\/2017\/12\/Dick-Esmark-300x300.png 300w, https:\/\/www.salesandoperationsplanning.dk\/wp-content\/uploads\/2017\/12\/Dick-Esmark-768x768.png 768w, https:\/\/www.salesandoperationsplanning.dk\/wp-content\/uploads\/2017\/12\/Dick-Esmark.png 1024w\" sizes=\"auto, (max-width: 200px) 100vw, 200px\" \/><figcaption id=\"caption-attachment-2519\" class=\"wp-caption-text\">Dick Esmark<br \/>Logistik koordinator<\/figcaption><\/figure><\/div><div class='clear_column'><\/div>\n","protected":false},"excerpt":{"rendered":"<p>Mac Baren Tobacco Company A\/S er den st\u00f8rste privatejede tobaksvirksomhed i Norden, selvom deres succes r\u00e6kker langt derudover. H\u00f8jeste kvalitet, stolte traditioner og engageret, entusiastisk personale har sikret virksomheden en&#8230; <\/p>\n","protected":false},"author":14,"featured_media":0,"parent":330,"menu_order":0,"comment_status":"closed","ping_status":"closed","template":"","meta":{"footnotes":""},"class_list":["post-1026","page","type-page","status-publish","hentry"],"_links":{"self":[{"href":"https:\/\/www.salesandoperationsplanning.dk\/index.php\/wp-json\/wp\/v2\/pages\/1026","targetHints":{"allow":["GET"]}}],"collection":[{"href":"https:\/\/www.salesandoperationsplanning.dk\/index.php\/wp-json\/wp\/v2\/pages"}],"about":[{"href":"https:\/\/www.salesandoperationsplanning.dk\/index.php\/wp-json\/wp\/v2\/types\/page"}],"author":[{"embeddable":true,"href":"https:\/\/www.salesandoperationsplanning.dk\/index.php\/wp-json\/wp\/v2\/users\/14"}],"replies":[{"embeddable":true,"href":"https:\/\/www.salesandoperationsplanning.dk\/index.php\/wp-json\/wp\/v2\/comments?post=1026"}],"version-history":[{"count":15,"href":"https:\/\/www.salesandoperationsplanning.dk\/index.php\/wp-json\/wp\/v2\/pages\/1026\/revisions"}],"predecessor-version":[{"id":2528,"href":"https:\/\/www.salesandoperationsplanning.dk\/index.php\/wp-json\/wp\/v2\/pages\/1026\/revisions\/2528"}],"up":[{"embeddable":true,"href":"https:\/\/www.salesandoperationsplanning.dk\/index.php\/wp-json\/wp\/v2\/pages\/330"}],"wp:attachment":[{"href":"https:\/\/www.salesandoperationsplanning.dk\/index.php\/wp-json\/wp\/v2\/media?parent=1026"}],"curies":[{"name":"wp","href":"https:\/\/api.w.org\/{rel}","templated":true}]}}