{"id":1065,"date":"2017-08-24T09:12:40","date_gmt":"2017-08-24T07:12:40","guid":{"rendered":"http:\/\/www.salesandoperationsplanning.dk\/?page_id=1065"},"modified":"2017-11-15T13:34:08","modified_gmt":"2017-11-15T12:34:08","slug":"sgm-light-2","status":"publish","type":"page","link":"https:\/\/www.salesandoperationsplanning.dk\/index.php\/resultater\/10-implementerings-forlob\/sgm-light-2\/","title":{"rendered":"SGM Light"},"content":{"rendered":"<p><a href=\"http:\/\/sgmlight.com\/\" target=\"_blank\" rel=\"noopener\"><img loading=\"lazy\" decoding=\"async\" class=\"alignright wp-image-1008 size-full\" src=\"http:\/\/www.salesandoperationsplanning.dk\/wp-content\/uploads\/2017\/05\/SGM-2-e1503555964985.jpg\" alt=\"\" width=\"175\" height=\"175\" \/><\/a>SGM blev grundlagt i 1975 og har mere end 40 \u00e5rs erfaring inden for underholdningsbelysning.<\/p>\n<p>I 2009 blev SGM k\u00f8bt af den italienske RCF Group, som kort efter indsatte Peter Johansen til at lede det nye F&amp;U-center i Danmark. Peter Johansen udnytter sin brede erfaring og iv\u00e6rks\u00e6tterkapacitet inden for virksomheden. Sammen med et team af n\u00f8glemedarbejdere og en gruppe investorer, k\u00f8bte han SGM i 2012, hvorefter hovedkontoret blev etableret i Danmark.<\/p>\n<p>Med fokus p\u00e5 innovation og eksperimentering med nye teknologier har SGM samlet et af de mest erfarne F&amp;U-hold i verden. Selvom SGM er vokset til at v\u00e6re en stor global akt\u00f8r, er virksomheden nu helt dansk.<\/p>\n<p>Med Peter Johansens mission om at genvinde markedspositionen som f\u00f8rende inden for underholdningssegmentet og det arkitektoniske belysningsdesign, er SGM specialiseret i LED-l\u00f8sninger. Sammen med et konstant voksende h\u00f8jt kvalificeret distributionsnetv\u00e6rk og brandede datterselskaber over hele verden, har SGM etableret en global tilstedev\u00e6relse, der viser en solid erfaring inden for belysningsudstyr samtidig med, at der pr\u00e6senteres banebrydende l\u00f8sninger.<\/p>\n<p>L\u00e6s mere p\u00e5<a href=\"http:\/\/sgmlight.com\/\" target=\"_blank\" rel=\"noopener\">\u00a0sgmlight.com<\/a><\/p>\n","protected":false},"excerpt":{"rendered":"<p>SGM blev grundlagt i 1975 og har mere end 40 \u00e5rs erfaring inden for underholdningsbelysning. I 2009 blev SGM k\u00f8bt af den italienske RCF Group, som kort efter indsatte Peter&#8230; <\/p>\n","protected":false},"author":14,"featured_media":0,"parent":330,"menu_order":0,"comment_status":"closed","ping_status":"closed","template":"","meta":{"footnotes":""},"class_list":["post-1065","page","type-page","status-publish","hentry"],"_links":{"self":[{"href":"https:\/\/www.salesandoperationsplanning.dk\/index.php\/wp-json\/wp\/v2\/pages\/1065","targetHints":{"allow":["GET"]}}],"collection":[{"href":"https:\/\/www.salesandoperationsplanning.dk\/index.php\/wp-json\/wp\/v2\/pages"}],"about":[{"href":"https:\/\/www.salesandoperationsplanning.dk\/index.php\/wp-json\/wp\/v2\/types\/page"}],"author":[{"embeddable":true,"href":"https:\/\/www.salesandoperationsplanning.dk\/index.php\/wp-json\/wp\/v2\/users\/14"}],"replies":[{"embeddable":true,"href":"https:\/\/www.salesandoperationsplanning.dk\/index.php\/wp-json\/wp\/v2\/comments?post=1065"}],"version-history":[{"count":8,"href":"https:\/\/www.salesandoperationsplanning.dk\/index.php\/wp-json\/wp\/v2\/pages\/1065\/revisions"}],"predecessor-version":[{"id":2162,"href":"https:\/\/www.salesandoperationsplanning.dk\/index.php\/wp-json\/wp\/v2\/pages\/1065\/revisions\/2162"}],"up":[{"embeddable":true,"href":"https:\/\/www.salesandoperationsplanning.dk\/index.php\/wp-json\/wp\/v2\/pages\/330"}],"wp:attachment":[{"href":"https:\/\/www.salesandoperationsplanning.dk\/index.php\/wp-json\/wp\/v2\/media?parent=1065"}],"curies":[{"name":"wp","href":"https:\/\/api.w.org\/{rel}","templated":true}]}}