{"id":2249,"date":"2017-11-15T14:34:52","date_gmt":"2017-11-15T13:34:52","guid":{"rendered":"http:\/\/www.salesandoperationsplanning.dk\/?page_id=2249"},"modified":"2017-11-15T17:34:00","modified_gmt":"2017-11-15T16:34:00","slug":"jyden-bur","status":"publish","type":"page","link":"https:\/\/www.salesandoperationsplanning.dk\/index.php\/resultater\/10-implementerings-forlob\/jyden-bur\/","title":{"rendered":"Jyden Bur"},"content":{"rendered":"<p><a href=\"http:\/\/www.jydenbur.dk\/\" target=\"_blank\" rel=\"noopener\"><img loading=\"lazy\" decoding=\"async\" class=\"alignright wp-image-2252 size-medium\" src=\"http:\/\/www.salesandoperationsplanning.dk\/wp-content\/uploads\/2017\/11\/Jyden-Bur-300x88.png\" alt=\"\" width=\"300\" height=\"88\" srcset=\"https:\/\/www.salesandoperationsplanning.dk\/wp-content\/uploads\/2017\/11\/Jyden-Bur-300x88.png 300w, https:\/\/www.salesandoperationsplanning.dk\/wp-content\/uploads\/2017\/11\/Jyden-Bur.png 335w\" sizes=\"auto, (max-width: 300px) 100vw, 300px\" \/><\/a>Jyden besk\u00e6ftiger sig med udvikling, produktion og indretning af staldl\u00f8sninger til b\u00e5de kv\u00e6g- og svinestalde. Derudover har Jyden flere popul\u00e6re nicheprodukter til f\u00e5re- og fjerkr\u00e6sektoren.<\/p>\n<p>Kerneomr\u00e5det er at levere skr\u00e6ddersyede og st\u00e6rke l\u00f8sninger skabt til v\u00e6kst i landbruget. Det g\u00f8res via innovative l\u00f8sningsmodeller, som ikke alene opfylder alle krav \u2013 men som ogs\u00e5 g\u00e5r et skridt l\u00e6ngere i forhold til arbejdsmilj\u00f8, dyrevelf\u00e6rd og energioptimering. Faktorer, der spiller en afg\u00f8rende rolle for en sund produktions\u00f8konomi. Det vigtigste konkurrenceparameter er derfor kvalitet \u2013 hvilket afspejler sig i produkterne og i m\u00e5den, der ageres p\u00e5.<\/p>\n<p>Med fokus p\u00e5 innovation og teknologi betyder det, at Jyden \u2013 i samarbejde med blandt andre professionelle landm\u00e6nd og forskningsinstanser \u2013 er trendskabende og s\u00e6tter nye standarder for indend\u00f8rsmekanisering. Jyden t\u00e6nker p\u00e5 fremtidens animalske produktion og er derfor en af Europas st\u00f8rste totalleverand\u00f8rer af moderne staldsystemer.<\/p>\n<p>Jyden blev grundlagt p\u00e5 dansk jord i 1923 og har siden da udviklet sig til en stor, international virksomhed med et omfattende produktprogram inden for staldinventar, foder og transportsystemer, vand- og gulvl\u00f8sninger, ventilation, luftrensning, LED-belysning og meget mere.<\/p>\n<p>Jyden eksporterer worldwide og har salgs- og repr\u00e6sentationskontorer i Danmark, Sverige, Tyskland samt Ukraine.<\/p>\n<p>L\u00e6s mere p\u00e5 <a href=\"http:\/\/www.jydenbur.dk\/\" target=\"_blank\" rel=\"noopener\">jydenbur.dk<\/a><\/p>\n","protected":false},"excerpt":{"rendered":"<p>Jyden besk\u00e6ftiger sig med udvikling, produktion og indretning af staldl\u00f8sninger til b\u00e5de kv\u00e6g- og svinestalde. Derudover har Jyden flere popul\u00e6re nicheprodukter til f\u00e5re- og fjerkr\u00e6sektoren. Kerneomr\u00e5det er at levere skr\u00e6ddersyede&#8230; <\/p>\n","protected":false},"author":14,"featured_media":0,"parent":330,"menu_order":0,"comment_status":"closed","ping_status":"closed","template":"","meta":{"footnotes":""},"class_list":["post-2249","page","type-page","status-publish","hentry"],"_links":{"self":[{"href":"https:\/\/www.salesandoperationsplanning.dk\/index.php\/wp-json\/wp\/v2\/pages\/2249","targetHints":{"allow":["GET"]}}],"collection":[{"href":"https:\/\/www.salesandoperationsplanning.dk\/index.php\/wp-json\/wp\/v2\/pages"}],"about":[{"href":"https:\/\/www.salesandoperationsplanning.dk\/index.php\/wp-json\/wp\/v2\/types\/page"}],"author":[{"embeddable":true,"href":"https:\/\/www.salesandoperationsplanning.dk\/index.php\/wp-json\/wp\/v2\/users\/14"}],"replies":[{"embeddable":true,"href":"https:\/\/www.salesandoperationsplanning.dk\/index.php\/wp-json\/wp\/v2\/comments?post=2249"}],"version-history":[{"count":4,"href":"https:\/\/www.salesandoperationsplanning.dk\/index.php\/wp-json\/wp\/v2\/pages\/2249\/revisions"}],"predecessor-version":[{"id":2306,"href":"https:\/\/www.salesandoperationsplanning.dk\/index.php\/wp-json\/wp\/v2\/pages\/2249\/revisions\/2306"}],"up":[{"embeddable":true,"href":"https:\/\/www.salesandoperationsplanning.dk\/index.php\/wp-json\/wp\/v2\/pages\/330"}],"wp:attachment":[{"href":"https:\/\/www.salesandoperationsplanning.dk\/index.php\/wp-json\/wp\/v2\/media?parent=2249"}],"curies":[{"name":"wp","href":"https:\/\/api.w.org\/{rel}","templated":true}]}}