{"id":2270,"date":"2017-11-15T14:44:08","date_gmt":"2017-11-15T13:44:08","guid":{"rendered":"http:\/\/www.salesandoperationsplanning.dk\/?page_id=2270"},"modified":"2017-11-15T17:32:30","modified_gmt":"2017-11-15T16:32:30","slug":"bramming-plast-industri","status":"publish","type":"page","link":"https:\/\/www.salesandoperationsplanning.dk\/index.php\/resultater\/10-implementerings-forlob\/bramming-plast-industri\/","title":{"rendered":"Bramming Plast-Industri"},"content":{"rendered":"<p><a href=\"http:\/\/bpi.dk\/\" target=\"_blank\" rel=\"noopener\"><img loading=\"lazy\" decoding=\"async\" class=\"alignright wp-image-2273 size-full\" src=\"http:\/\/www.salesandoperationsplanning.dk\/wp-content\/uploads\/2017\/11\/Bramming-Plast.png\" alt=\"\" width=\"157\" height=\"89\" \/><\/a>Siden 1971 har BPI v\u00e6ret f\u00f8rende pioner inden for avancerede og teknologibaserede l\u00f8sninger i skum til private og offentlige virksomheder, herunder bl.a. transport, sundhed og medicinal, bygge og anl\u00e6g samt design og teknologi.<\/p>\n<p>Virksomheden har lokationer i 2 lande og t\u00e6ller mere end 400 specialister, der servicerer kunder i over 20 lande.<\/p>\n<p>BPI anvender den nyeste teknik og de seneste fremstillingsmetoder, og den omfattende produktionskapacitet bevirker, at der dagligt kan l\u00f8be mere end 1.500 m3 skum igennem de 45.000 m2 produktionsanl\u00e6g i Danmark og Polen.<\/p>\n<p>BPI&#8217;s kultur og erfaringer rummer dybe h\u00e5ndv\u00e6rksm\u00e6ssige traditioner og et unikt know-how, hvor der beherskes mere end 300 forskellige skumtyper.<\/p>\n<p>BPI er store nok til at levere til de st\u00f8rste \u2013 og sm\u00e5 nok til at sk\u00e6rpe opm\u00e6rksomheden p\u00e5 den enkelte l\u00f8sning. Filosofien er enkel: Hvis du kan t\u00e6nke tanken \u2013 s\u00e5 kan vi f\u00e5 din id\u00e9 til at tage form.<\/p>\n<p>L\u00e6s mere p\u00e5 <a href=\"http:\/\/bpi.dk\/\" target=\"_blank\" rel=\"noopener\">bpi.dk<\/a><\/p>\n","protected":false},"excerpt":{"rendered":"<p>Siden 1971 har BPI v\u00e6ret f\u00f8rende pioner inden for avancerede og teknologibaserede l\u00f8sninger i skum til private og offentlige virksomheder, herunder bl.a. transport, sundhed og medicinal, bygge og anl\u00e6g samt&#8230; <\/p>\n","protected":false},"author":14,"featured_media":0,"parent":330,"menu_order":0,"comment_status":"closed","ping_status":"closed","template":"","meta":{"footnotes":""},"class_list":["post-2270","page","type-page","status-publish","hentry"],"_links":{"self":[{"href":"https:\/\/www.salesandoperationsplanning.dk\/index.php\/wp-json\/wp\/v2\/pages\/2270","targetHints":{"allow":["GET"]}}],"collection":[{"href":"https:\/\/www.salesandoperationsplanning.dk\/index.php\/wp-json\/wp\/v2\/pages"}],"about":[{"href":"https:\/\/www.salesandoperationsplanning.dk\/index.php\/wp-json\/wp\/v2\/types\/page"}],"author":[{"embeddable":true,"href":"https:\/\/www.salesandoperationsplanning.dk\/index.php\/wp-json\/wp\/v2\/users\/14"}],"replies":[{"embeddable":true,"href":"https:\/\/www.salesandoperationsplanning.dk\/index.php\/wp-json\/wp\/v2\/comments?post=2270"}],"version-history":[{"count":3,"href":"https:\/\/www.salesandoperationsplanning.dk\/index.php\/wp-json\/wp\/v2\/pages\/2270\/revisions"}],"predecessor-version":[{"id":2300,"href":"https:\/\/www.salesandoperationsplanning.dk\/index.php\/wp-json\/wp\/v2\/pages\/2270\/revisions\/2300"}],"up":[{"embeddable":true,"href":"https:\/\/www.salesandoperationsplanning.dk\/index.php\/wp-json\/wp\/v2\/pages\/330"}],"wp:attachment":[{"href":"https:\/\/www.salesandoperationsplanning.dk\/index.php\/wp-json\/wp\/v2\/media?parent=2270"}],"curies":[{"name":"wp","href":"https:\/\/api.w.org\/{rel}","templated":true}]}}