{"id":2309,"date":"2017-11-16T16:13:31","date_gmt":"2017-11-16T15:13:31","guid":{"rendered":"http:\/\/www.salesandoperationsplanning.dk\/?page_id=2309"},"modified":"2018-06-13T13:37:04","modified_gmt":"2018-06-13T11:37:04","slug":"gaa-hjem-moede-14-november-2017","status":"publish","type":"page","link":"https:\/\/www.salesandoperationsplanning.dk\/index.php\/projektets-faser\/fase-2\/gaa-hjem-moede-14-november-2017\/","title":{"rendered":"G\u00e5-hjem-m\u00f8de 14. november 2017"},"content":{"rendered":"<p>Herunder finder du materiale fra G\u00e5-hjem-m\u00f8det den 14. november 2017, hvor der var over 80 deltagere.<\/p>\n<p>Der skal rettes en stor tak til <a href=\"http:\/\/www.salesandoperationsplanning.dk\/index.php\/resultater\/resultater-2\/4improve\/\">4IMPROVE<\/a> for v\u00e6rtskabet af arrangementet. Tak til Trine Christensen for administrativ hj\u00e6lp. Tak til Bo Dencker for at dirigere os gennem programmet, og tak til Jakob Lignell, Jarl Freiesleben og S\u00f8ren Eckhardt for inspirerende opl\u00e6g.<\/p>\n<h2>Plancher og videoer<\/h2>\n<ul>\n<li><strong>Velkomst og program<\/strong><br \/>\nv\/Bo Dencker, 4IMPROVE<br \/>\n<strong><a href=\"http:\/\/www.salesandoperationsplanning.dk\/wp-content\/uploads\/2017\/12\/Velkomst.pdf\" rel=\"noopener\">Se plancher<\/a> | <\/strong><a href=\"https:\/\/youtu.be\/WQeSV7ao2V8\" target=\"_blank\" rel=\"noopener\"><strong>Se video<\/strong><\/a><\/li>\n<\/ul>\n<ul>\n<li><strong>S&amp;OP hos Arla Foods<br \/>\n<\/strong>v\/Global S&amp;OP Director Jakob Lignell, Arla Foods<strong><br \/>\n<a href=\"http:\/\/www.salesandoperationsplanning.dk\/wp-content\/uploads\/2017\/12\/Jakob-Lignell.pdf\" rel=\"noopener\">Se plancher<\/a> | <\/strong><a href=\"https:\/\/youtu.be\/A73cdmYNgrg\" target=\"_blank\" rel=\"noopener\"><strong>Se video<\/strong><\/a><\/li>\n<\/ul>\n<ul>\n<li><strong>S&amp;OP projektet (form\u00e5l, delresultater og projektplan)<\/strong><strong><br \/>\n<\/strong>v\/Professor Jan Stentoft, Syddansk Universitet<strong><br \/>\n<a href=\"http:\/\/www.salesandoperationsplanning.dk\/wp-content\/uploads\/2017\/11\/Jan-Stentoft.pdf\" rel=\"noopener\">Se plancher<\/a> | <\/strong><a href=\"https:\/\/youtu.be\/_7m5gcdBZa4\" target=\"_blank\" rel=\"noopener\"><strong>Se video<\/strong><\/a><\/li>\n<\/ul>\n<ul>\n<li><strong>Mac Barens deltagelse i S&amp;OP projektet<br \/>\n<\/strong>v\/CEO Jarl Freiesleben, Mac Baren Tobacco Company A\/S<strong><br \/>\n<a href=\"http:\/\/www.salesandoperationsplanning.dk\/wp-content\/uploads\/2017\/11\/Jarl-Freiesleben.pdf\" rel=\"noopener\">Se plancher<\/a> | <\/strong><a href=\"https:\/\/youtu.be\/AbQFMcIx5HY\" target=\"_blank\" rel=\"noopener\"><strong>Se video<\/strong><\/a><\/li>\n<\/ul>\n<ul>\n<li><strong>N\u00e5r personligheden i S&amp;OP processen g\u00f8r en forskel<br \/>\n<\/strong>v\/Direkt\u00f8r S\u00f8ren Eckhardt, Mercuri Urval<strong><br \/>\n<a href=\"http:\/\/www.salesandoperationsplanning.dk\/wp-content\/uploads\/2017\/11\/Soeren-Eckhardt.pdf\" rel=\"noopener\">Se plancher<\/a> | <\/strong><a href=\"https:\/\/youtu.be\/_KkIm5baXrI\" target=\"_blank\" rel=\"noopener\"><strong>Se video<\/strong><\/a><\/li>\n<\/ul>\n","protected":false},"excerpt":{"rendered":"<p>Herunder finder du materiale fra G\u00e5-hjem-m\u00f8det den 14. november 2017, hvor der var over 80 deltagere. Der skal rettes en stor tak til 4IMPROVE for v\u00e6rtskabet af arrangementet. Tak til&#8230; <\/p>\n","protected":false},"author":14,"featured_media":0,"parent":120,"menu_order":0,"comment_status":"closed","ping_status":"closed","template":"","meta":{"footnotes":""},"class_list":["post-2309","page","type-page","status-publish","hentry"],"_links":{"self":[{"href":"https:\/\/www.salesandoperationsplanning.dk\/index.php\/wp-json\/wp\/v2\/pages\/2309","targetHints":{"allow":["GET"]}}],"collection":[{"href":"https:\/\/www.salesandoperationsplanning.dk\/index.php\/wp-json\/wp\/v2\/pages"}],"about":[{"href":"https:\/\/www.salesandoperationsplanning.dk\/index.php\/wp-json\/wp\/v2\/types\/page"}],"author":[{"embeddable":true,"href":"https:\/\/www.salesandoperationsplanning.dk\/index.php\/wp-json\/wp\/v2\/users\/14"}],"replies":[{"embeddable":true,"href":"https:\/\/www.salesandoperationsplanning.dk\/index.php\/wp-json\/wp\/v2\/comments?post=2309"}],"version-history":[{"count":7,"href":"https:\/\/www.salesandoperationsplanning.dk\/index.php\/wp-json\/wp\/v2\/pages\/2309\/revisions"}],"predecessor-version":[{"id":3023,"href":"https:\/\/www.salesandoperationsplanning.dk\/index.php\/wp-json\/wp\/v2\/pages\/2309\/revisions\/3023"}],"up":[{"embeddable":true,"href":"https:\/\/www.salesandoperationsplanning.dk\/index.php\/wp-json\/wp\/v2\/pages\/120"}],"wp:attachment":[{"href":"https:\/\/www.salesandoperationsplanning.dk\/index.php\/wp-json\/wp\/v2\/media?parent=2309"}],"curies":[{"name":"wp","href":"https:\/\/api.w.org\/{rel}","templated":true}]}}