{"id":681,"date":"2017-08-04T08:21:11","date_gmt":"2017-08-04T06:21:11","guid":{"rendered":"http:\/\/www.salesandoperationsplanning.dk\/?page_id=681"},"modified":"2017-11-15T08:40:01","modified_gmt":"2017-11-15T07:40:01","slug":"jbs-2","status":"publish","type":"page","link":"https:\/\/www.salesandoperationsplanning.dk\/index.php\/resultater\/resultater-2\/jbs-2\/","title":{"rendered":"JBS"},"content":{"rendered":"<p><a href=\"http:\/\/www.jbs.dk\/da\/\" target=\"_blank\" rel=\"noopener\"><img loading=\"lazy\" decoding=\"async\" class=\"alignright wp-image-399 size-full\" src=\"http:\/\/www.salesandoperationsplanning.dk\/wp-content\/uploads\/2017\/05\/JBS-e1502709546352.png\" alt=\"\" width=\"175\" height=\"114\" \/><\/a>JBS Textile Group A\/S\u00a0er Danmarks st\u00f8rste og f\u00f8rende producent af undert\u00f8j. Virksomheden er en familieejet og drevet virksomhed, som fastholder sin f\u00f8rerposition ved at fokusere p\u00e5 fire kernev\u00e6rdier: komfort, kvalitet, innovation og individualitet.<\/p>\n<p>JBS Textile Group A\/S\u00a0er i dag en international virksomhed med flere end 300 medarbejdere. Virksomhedens produkter s\u00e6lges i en lang r\u00e6kke lande med Nordeuropa som det prim\u00e6re marked.<\/p>\n<p>Navnet JBS st\u00e5r for Jens Bjerg S\u00f8rensen, der var manden, der i 1939 stiftede virksomheden &#8211; og siden f\u00f8rte den frem til positionen som Danmarks f\u00f8rende og mest kendte undert\u00f8jsm\u00e6rke.<\/p>\n<p><a href=\"http:\/\/www.salesandoperationsplanning.dk\/wp-content\/uploads\/2017\/08\/JBS-case-3.pdf\" target=\"_blank\" rel=\"noopener\"><strong>Sales &amp; Operations Planning hos HB Textil (nu JBS)<\/strong><\/a><\/p>\n<h2>Videoer:<\/h2>\n<ul>\n<li><a href=\"https:\/\/www.youtube.com\/embed\/h3moB-bQROI\" target=\"_blank\" rel=\"noopener\">S&amp;OP som redskab til at reducere un\u00f8dig lagerbinding\u00a0<\/a><em>&#8211; Ren\u00e9 Alexandersen, IT og logistikchef<\/em><\/li>\n<li><a href=\"https:\/\/www.youtube.com\/embed\/rFaAbmYdin4\" target=\"_blank\" rel=\"noopener\">S&amp;OP som middel til bedre sparring<\/a> <em>&#8211; Martin Opauka, indk\u00f8bschef<\/em><\/li>\n<li><a href=\"https:\/\/www.youtube.com\/embed\/BiBwdCXvX-g\" target=\"_blank\" rel=\"noopener\">S&amp;OP som redskab til faktuelle tal<\/a> <em>&#8211; Torben Normann, Divisions manager<\/em><\/li>\n<\/ul>\n","protected":false},"excerpt":{"rendered":"<p>JBS Textile Group A\/S\u00a0er Danmarks st\u00f8rste og f\u00f8rende producent af undert\u00f8j. Virksomheden er en familieejet og drevet virksomhed, som fastholder sin f\u00f8rerposition ved at fokusere p\u00e5 fire kernev\u00e6rdier: komfort, kvalitet,&#8230; <\/p>\n","protected":false},"author":14,"featured_media":0,"parent":102,"menu_order":0,"comment_status":"closed","ping_status":"closed","template":"","meta":{"footnotes":""},"class_list":["post-681","page","type-page","status-publish","hentry"],"_links":{"self":[{"href":"https:\/\/www.salesandoperationsplanning.dk\/index.php\/wp-json\/wp\/v2\/pages\/681","targetHints":{"allow":["GET"]}}],"collection":[{"href":"https:\/\/www.salesandoperationsplanning.dk\/index.php\/wp-json\/wp\/v2\/pages"}],"about":[{"href":"https:\/\/www.salesandoperationsplanning.dk\/index.php\/wp-json\/wp\/v2\/types\/page"}],"author":[{"embeddable":true,"href":"https:\/\/www.salesandoperationsplanning.dk\/index.php\/wp-json\/wp\/v2\/users\/14"}],"replies":[{"embeddable":true,"href":"https:\/\/www.salesandoperationsplanning.dk\/index.php\/wp-json\/wp\/v2\/comments?post=681"}],"version-history":[{"count":36,"href":"https:\/\/www.salesandoperationsplanning.dk\/index.php\/wp-json\/wp\/v2\/pages\/681\/revisions"}],"predecessor-version":[{"id":2096,"href":"https:\/\/www.salesandoperationsplanning.dk\/index.php\/wp-json\/wp\/v2\/pages\/681\/revisions\/2096"}],"up":[{"embeddable":true,"href":"https:\/\/www.salesandoperationsplanning.dk\/index.php\/wp-json\/wp\/v2\/pages\/102"}],"wp:attachment":[{"href":"https:\/\/www.salesandoperationsplanning.dk\/index.php\/wp-json\/wp\/v2\/media?parent=681"}],"curies":[{"name":"wp","href":"https:\/\/api.w.org\/{rel}","templated":true}]}}